{"id":62531,"date":"2025-08-04T13:37:36","date_gmt":"2025-08-04T17:37:36","guid":{"rendered":"https:\/\/resiliencyclinic.com\/?page_id=62531"},"modified":"2026-04-23T09:15:25","modified_gmt":"2026-04-23T13:15:25","slug":"emma-harvie-stagiaire","status":"publish","type":"page","link":"https:\/\/resiliencyclinic.com\/fr\/rencontrer-lequipe\/emma-harvie-stagiaire\/","title":{"rendered":"Emma Harvie, stagiaire"},"content":{"rendered":"<div data-elementor-type=\"wp-page\" data-elementor-id=\"62531\" class=\"elementor elementor-62531\" data-elementor-post-type=\"page\">\n\t\t\t\t\t\t<section class=\"elementor-section elementor-top-section elementor-element elementor-element-2a3be2e elementor-section-boxed elementor-section-height-default elementor-section-height-default\" data-id=\"2a3be2e\" data-element_type=\"section\" data-e-type=\"section\" data-settings=\"{&quot;background_background&quot;:&quot;gradient&quot;}\">\n\t\t\t\t\t\t\t<div class=\"elementor-background-overlay\"><\/div>\n\t\t\t\t\t\t\t<div class=\"elementor-container elementor-column-gap-no\">\n\t\t\t\t\t<div class=\"elementor-column elementor-col-50 elementor-top-column elementor-element elementor-element-66391fc\" data-id=\"66391fc\" data-element_type=\"column\" data-e-type=\"column\">\n\t\t\t<div class=\"elementor-widget-wrap elementor-element-populated\">\n\t\t\t\t\t\t<div class=\"elementor-element elementor-element-5b3b1cc elementor-widget elementor-widget-heading\" data-id=\"5b3b1cc\" data-element_type=\"widget\" data-e-type=\"widget\" data-widget_type=\"heading.default\">\n\t\t\t\t<div class=\"elementor-widget-container\">\n\t\t\t\t\t<p class=\"elementor-heading-title elementor-size-default\">Emma Harvie,\nM.Ed. Candidate \n<\/p>\t\t\t\t<\/div>\n\t\t\t\t<\/div>\n\t\t\t\t<div class=\"elementor-element elementor-element-947b759 elementor-widget-divider--view-line elementor-widget elementor-widget-divider\" data-id=\"947b759\" data-element_type=\"widget\" data-e-type=\"widget\" data-widget_type=\"divider.default\">\n\t\t\t\t<div class=\"elementor-widget-container\">\n\t\t\t\t\t\t\t<div class=\"elementor-divider\">\n\t\t\t<span class=\"elementor-divider-separator\">\n\t\t\t\t\t\t<\/span>\n\t\t<\/div>\n\t\t\t\t\t\t<\/div>\n\t\t\t\t<\/div>\n\t\t\t\t<div class=\"elementor-element elementor-element-c3f5ef2 elementor-widget elementor-widget-text-editor\" data-id=\"c3f5ef2\" data-element_type=\"widget\" data-e-type=\"widget\" data-widget_type=\"text-editor.default\">\n\t\t\t\t<div class=\"elementor-widget-container\">\n\t\t\t\t\t\t\t\t\t<p>Emma s'int\u00e9resse particuli\u00e8rement au soutien des personnes vivant avec une maladie chronique, notamment le diab\u00e8te de type 1.<\/p>\t\t\t\t\t\t\t\t<\/div>\n\t\t\t\t<\/div>\n\t\t\t\t<div class=\"elementor-element elementor-element-c136a06 elementor-align-left elementor-widget elementor-widget-button\" data-id=\"c136a06\" data-element_type=\"widget\" data-e-type=\"widget\" data-widget_type=\"button.default\">\n\t\t\t\t<div class=\"elementor-widget-container\">\n\t\t\t\t\t\t\t\t\t<div class=\"elementor-button-wrapper\">\n\t\t\t\t\t<a class=\"elementor-button elementor-button-link elementor-size-xs\" href=\"\/fr\/prendre-rendez-vous\/\">\n\t\t\t\t\t\t<span class=\"elementor-button-content-wrapper\">\n\t\t\t\t\t\t<span class=\"elementor-button-icon\">\n\t\t\t\t<i aria-hidden=\"true\" class=\"fas fa-long-arrow-alt-right\"><\/i>\t\t\t<\/span>\n\t\t\t\t\t\t\t\t\t<span class=\"elementor-button-text\">Demander un rendez-vous avec Emma<\/span>\n\t\t\t\t\t<\/span>\n\t\t\t\t\t<\/a>\n\t\t\t\t<\/div>\n\t\t\t\t\t\t\t\t<\/div>\n\t\t\t\t<\/div>\n\t\t\t\t\t<\/div>\n\t\t<\/div>\n\t\t\t\t<div class=\"elementor-column elementor-col-50 elementor-top-column elementor-element elementor-element-acdf385\" data-id=\"acdf385\" data-element_type=\"column\" data-e-type=\"column\">\n\t\t\t<div class=\"elementor-widget-wrap elementor-element-populated\">\n\t\t\t\t\t\t<div class=\"elementor-element elementor-element-4efc414 elementor-widget__width-initial elementor-widget elementor-widget-image\" data-id=\"4efc414\" data-element_type=\"widget\" data-e-type=\"widget\" data-widget_type=\"image.default\">\n\t\t\t\t<div class=\"elementor-widget-container\">\n\t\t\t\t\t\t\t\t\t\t\t\t\t\t\t<img decoding=\"async\" width=\"768\" height=\"512\" data-src=\"https:\/\/resiliencyclinic.com\/wp-content\/uploads\/2025\/08\/Emma-Harvie-Therapist-Ottawa-Resiliency-Clinic-768x512.jpg\" class=\"attachment-medium_large size-medium_large wp-image-62548 lazyload\" alt=\"Emma-Harvie-Clinique de la r\u00e9silience-Ottawa\" data-srcset=\"https:\/\/resiliencyclinic.com\/wp-content\/uploads\/2025\/08\/Emma-Harvie-Therapist-Ottawa-Resiliency-Clinic-768x512.jpg 768w, https:\/\/resiliencyclinic.com\/wp-content\/uploads\/2025\/08\/Emma-Harvie-Therapist-Ottawa-Resiliency-Clinic-300x200.jpg 300w, https:\/\/resiliencyclinic.com\/wp-content\/uploads\/2025\/08\/Emma-Harvie-Therapist-Ottawa-Resiliency-Clinic-1024x683.jpg 1024w, https:\/\/resiliencyclinic.com\/wp-content\/uploads\/2025\/08\/Emma-Harvie-Therapist-Ottawa-Resiliency-Clinic-1536x1024.jpg 1536w, https:\/\/resiliencyclinic.com\/wp-content\/uploads\/2025\/08\/Emma-Harvie-Therapist-Ottawa-Resiliency-Clinic-18x12.jpg 18w, https:\/\/resiliencyclinic.com\/wp-content\/uploads\/2025\/08\/Emma-Harvie-Therapist-Ottawa-Resiliency-Clinic.jpg 1600w\" data-sizes=\"(max-width: 768px) 100vw, 768px\" title=\"\" src=\"data:image\/svg+xml;base64,PHN2ZyB3aWR0aD0iMSIgaGVpZ2h0PSIxIiB4bWxucz0iaHR0cDovL3d3dy53My5vcmcvMjAwMC9zdmciPjwvc3ZnPg==\" style=\"--smush-placeholder-width: 768px; --smush-placeholder-aspect-ratio: 768\/512;\">\t\t\t\t\t\t\t\t\t\t\t\t\t\t\t<\/div>\n\t\t\t\t<\/div>\n\t\t\t\t\t<\/div>\n\t\t<\/div>\n\t\t\t\t\t<\/div>\n\t\t<\/section>\n\t\t\t\t<section class=\"elementor-section elementor-top-section elementor-element elementor-element-287eabec elementor-reverse-tablet elementor-reverse-mobile elementor-section-boxed elementor-section-height-default elementor-section-height-default\" data-id=\"287eabec\" data-element_type=\"section\" data-e-type=\"section\" data-settings=\"{&quot;background_background&quot;:&quot;classic&quot;}\">\n\t\t\t\t\t\t\t<div class=\"elementor-background-overlay\"><\/div>\n\t\t\t\t\t\t\t<div class=\"elementor-container elementor-column-gap-default\">\n\t\t\t\t\t<div class=\"elementor-column elementor-col-33 elementor-top-column elementor-element elementor-element-4294cfa\" data-id=\"4294cfa\" data-element_type=\"column\" data-e-type=\"column\">\n\t\t\t<div class=\"elementor-widget-wrap\">\n\t\t\t\t\t\t\t<\/div>\n\t\t<\/div>\n\t\t\t\t<div class=\"elementor-column elementor-col-33 elementor-top-column elementor-element elementor-element-513ac22\" data-id=\"513ac22\" data-element_type=\"column\" data-e-type=\"column\">\n\t\t\t<div class=\"elementor-widget-wrap elementor-element-populated\">\n\t\t\t\t\t\t<div class=\"elementor-element elementor-element-53bc462 elementor-widget elementor-widget-text-editor\" data-id=\"53bc462\" data-element_type=\"widget\" data-e-type=\"widget\" data-widget_type=\"text-editor.default\">\n\t\t\t\t<div class=\"elementor-widget-container\">\n\t\t\t\t\t\t\t\t\t<h1>Psychoth\u00e9rapeute agr\u00e9\u00e9 (qualification)<\/h1><p dir=\"auto\">Emma is Registered Psychotherapist (Qualifying) with the College of Registered Psychotherapists of Ontario (<a href=\"https:\/\/crpo.ca\/\" target=\"_blank\" rel=\"noopener\">CRPO<\/a>). She is a candidate for her Master\u2019s degree in Counselling Psychology at the University of Ottawa and holds a Bachelor of Science Honours in Neuroscience and Mental Health with a minor in Psychology from Carleton University. Emma has experience supporting individuals in a variety of personal challenges such as chronic illness, grief, anxiety, stress-management and more. With a competitive background in sports and experience coaching high-performance athletes, she brings a unique perspective on motivation, resilience, and mental well-being.<u><\/u><u><\/u><u><\/u><\/p><p dir=\"auto\">Emma has a particular focus on supporting individuals living with chronic illness, <a href=\"https:\/\/resiliencyclinic.com\/fr\/psychologue-du-diabete-ottawa\/\">including Type 1 diabetes<\/a>.<\/p><p dir=\"auto\">Emma offers an evidence-based, multidisciplinary approach to therapy, with an emphasis on creating a warm, safe, and welcoming space where clients can explore personal growth and build resilience. She draws from Cognitive Behavioural Therapy (CBT), Acceptance and Commitment Therapy (ACT) and mindfulness-based approaches, individualizing her work to meet each client\u2019s unique needs and goals. She supports her clients in understanding their thoughts, emotions and behaviours while building a strong, trusting therapeutic relationship to help create change.<u><\/u><u><\/u><u><\/u><\/p><p>She is offering virtual and in-person services for adults 18+. Emma offers free initial 15 minute phone consultations, as a first step before booking.<\/p>\t\t\t\t\t\t\t\t<\/div>\n\t\t\t\t<\/div>\n\t\t\t\t<div class=\"elementor-element elementor-element-b239fea elementor-align-center elementor-widget elementor-widget-button\" data-id=\"b239fea\" data-element_type=\"widget\" data-e-type=\"widget\" data-widget_type=\"button.default\">\n\t\t\t\t<div class=\"elementor-widget-container\">\n\t\t\t\t\t\t\t\t\t<div class=\"elementor-button-wrapper\">\n\t\t\t\t\t<a class=\"elementor-button elementor-button-link elementor-size-sm\" href=\"\/fr\/prendre-rendez-vous\/\">\n\t\t\t\t\t\t<span class=\"elementor-button-content-wrapper\">\n\t\t\t\t\t\t\t\t\t<span class=\"elementor-button-text\">Demander un rendez-vous avec Emma<\/span>\n\t\t\t\t\t<\/span>\n\t\t\t\t\t<\/a>\n\t\t\t\t<\/div>\n\t\t\t\t\t\t\t\t<\/div>\n\t\t\t\t<\/div>\n\t\t\t\t\t<\/div>\n\t\t<\/div>\n\t\t\t\t<div class=\"elementor-column elementor-col-33 elementor-top-column elementor-element elementor-element-190e684\" data-id=\"190e684\" data-element_type=\"column\" data-e-type=\"column\">\n\t\t\t<div class=\"elementor-widget-wrap\">\n\t\t\t\t\t\t\t<\/div>\n\t\t<\/div>\n\t\t\t\t\t<\/div>\n\t\t<\/section>\n\t\t\t\t<section class=\"elementor-section elementor-top-section elementor-element elementor-element-598ac17 elementor-section-boxed elementor-section-height-default elementor-section-height-default\" data-id=\"598ac17\" data-element_type=\"section\" data-e-type=\"section\">\n\t\t\t\t\t\t<div class=\"elementor-container elementor-column-gap-default\">\n\t\t\t\t\t<div class=\"elementor-column elementor-col-100 elementor-top-column elementor-element elementor-element-e112510\" data-id=\"e112510\" data-element_type=\"column\" data-e-type=\"column\">\n\t\t\t<div class=\"elementor-widget-wrap elementor-element-populated\">\n\t\t\t\t\t\t<div class=\"elementor-element elementor-element-9794665 elementor-widget elementor-widget-spacer\" data-id=\"9794665\" data-element_type=\"widget\" data-e-type=\"widget\" data-widget_type=\"spacer.default\">\n\t\t\t\t<div class=\"elementor-widget-container\">\n\t\t\t\t\t\t\t<div class=\"elementor-spacer\">\n\t\t\t<div class=\"elementor-spacer-inner\"><\/div>\n\t\t<\/div>\n\t\t\t\t\t\t<\/div>\n\t\t\t\t<\/div>\n\t\t\t\t\t<\/div>\n\t\t<\/div>\n\t\t\t\t\t<\/div>\n\t\t<\/section>\n\t\t\t\t<\/div>","protected":false},"excerpt":{"rendered":"<p>Emma effectue son stage de psychoth\u00e9rapie \u00e0 la Resiliency Clinic de septembre 2025 \u00e0 avril 2026 dans le cadre de sa ma\u00eetrise en psychologie du counselling \u00e0 l'Universit\u00e9 d'Ottawa. <\/p>","protected":false},"author":50,"featured_media":62549,"parent":242,"menu_order":0,"comment_status":"closed","ping_status":"closed","template":"","meta":{"footnotes":""},"class_list":["post-62531","page","type-page","status-publish","has-post-thumbnail","hentry"],"_links":{"self":[{"href":"https:\/\/resiliencyclinic.com\/fr\/wp-json\/wp\/v2\/pages\/62531","targetHints":{"allow":["GET"]}}],"collection":[{"href":"https:\/\/resiliencyclinic.com\/fr\/wp-json\/wp\/v2\/pages"}],"about":[{"href":"https:\/\/resiliencyclinic.com\/fr\/wp-json\/wp\/v2\/types\/page"}],"author":[{"embeddable":true,"href":"https:\/\/resiliencyclinic.com\/fr\/wp-json\/wp\/v2\/users\/50"}],"replies":[{"embeddable":true,"href":"https:\/\/resiliencyclinic.com\/fr\/wp-json\/wp\/v2\/comments?post=62531"}],"version-history":[{"count":18,"href":"https:\/\/resiliencyclinic.com\/fr\/wp-json\/wp\/v2\/pages\/62531\/revisions"}],"predecessor-version":[{"id":68111,"href":"https:\/\/resiliencyclinic.com\/fr\/wp-json\/wp\/v2\/pages\/62531\/revisions\/68111"}],"up":[{"embeddable":true,"href":"https:\/\/resiliencyclinic.com\/fr\/wp-json\/wp\/v2\/pages\/242"}],"wp:featuredmedia":[{"embeddable":true,"href":"https:\/\/resiliencyclinic.com\/fr\/wp-json\/wp\/v2\/media\/62549"}],"wp:attachment":[{"href":"https:\/\/resiliencyclinic.com\/fr\/wp-json\/wp\/v2\/media?parent=62531"}],"curies":[{"name":"wp","href":"https:\/\/api.w.org\/{rel}","templated":true}]}}

<div data-elementor-type="wp-page" data-elementor-id="62531" class="elementor elementor-62531" data-elementor-post-type="page">
						<section class="elementor-section elementor-top-section elementor-element elementor-element-2a3be2e elementor-section-boxed elementor-section-height-default elementor-section-height-default" data-id="2a3be2e" data-element_type="section" data-e-type="section" data-settings="{&quot;background_background&quot;:&quot;gradient&quot;}">
							<div class="elementor-background-overlay"></div>
							<div class="elementor-container elementor-column-gap-no">
					<div class="elementor-column elementor-col-50 elementor-top-column elementor-element elementor-element-66391fc" data-id="66391fc" data-element_type="column" data-e-type="column">
			<div class="elementor-widget-wrap elementor-element-populated">
						<div class="elementor-element elementor-element-5b3b1cc elementor-widget elementor-widget-heading" data-id="5b3b1cc" data-element_type="widget" data-e-type="widget" data-widget_type="heading.default">
				<div class="elementor-widget-container">
					<p class="elementor-heading-title elementor-size-default">Emma Harvie,
M.Ed. Candidate 
</p>				</div>
				</div>
				<div class="elementor-element elementor-element-947b759 elementor-widget-divider--view-line elementor-widget elementor-widget-divider" data-id="947b759" data-element_type="widget" data-e-type="widget" data-widget_type="divider.default">
				<div class="elementor-widget-container">
							<div class="elementor-divider">
			<span class="elementor-divider-separator">
						</span>
		</div>
						</div>
				</div>
				<div class="elementor-element elementor-element-c3f5ef2 elementor-widget elementor-widget-text-editor" data-id="c3f5ef2" data-element_type="widget" data-e-type="widget" data-widget_type="text-editor.default">
				<div class="elementor-widget-container">
									<p>Emma s'intéresse particulièrement au soutien des personnes vivant avec une maladie chronique, notamment le diabète de type 1.</p>								</div>
				</div>
				<div class="elementor-element elementor-element-c136a06 elementor-align-left elementor-widget elementor-widget-button" data-id="c136a06" data-element_type="widget" data-e-type="widget" data-widget_type="button.default">
				<div class="elementor-widget-container">
									<div class="elementor-button-wrapper">
					<a class="elementor-button elementor-button-link elementor-size-xs" href="/fr/prendre-rendez-vous/">
						<span class="elementor-button-content-wrapper">
						<span class="elementor-button-icon">
				<i aria-hidden="true" class="fas fa-long-arrow-alt-right"></i>			</span>
									<span class="elementor-button-text">Demander un rendez-vous avec Emma</span>
					</span>
					</a>
				</div>
								</div>
				</div>
					</div>
		</div>
				<div class="elementor-column elementor-col-50 elementor-top-column elementor-element elementor-element-acdf385" data-id="acdf385" data-element_type="column" data-e-type="column">
			<div class="elementor-widget-wrap elementor-element-populated">
						<div class="elementor-element elementor-element-4efc414 elementor-widget__width-initial elementor-widget elementor-widget-image" data-id="4efc414" data-element_type="widget" data-e-type="widget" data-widget_type="image.default">
				<div class="elementor-widget-container">
															<img decoding="async" width="768" height="512" data-src="https://resiliencyclinic.com/wp-content/uploads/2025/08/Emma-Harvie-Therapist-Ottawa-Resiliency-Clinic-768x512.jpg" class="attachment-medium_large size-medium_large wp-image-62548 lazyload" alt="Emma-Harvie-Clinique de la résilience-Ottawa" data-srcset="https://resiliencyclinic.com/wp-content/uploads/2025/08/Emma-Harvie-Therapist-Ottawa-Resiliency-Clinic-768x512.jpg 768w, https://resiliencyclinic.com/wp-content/uploads/2025/08/Emma-Harvie-Therapist-Ottawa-Resiliency-Clinic-300x200.jpg 300w, https://resiliencyclinic.com/wp-content/uploads/2025/08/Emma-Harvie-Therapist-Ottawa-Resiliency-Clinic-1024x683.jpg 1024w, https://resiliencyclinic.com/wp-content/uploads/2025/08/Emma-Harvie-Therapist-Ottawa-Resiliency-Clinic-1536x1024.jpg 1536w, https://resiliencyclinic.com/wp-content/uploads/2025/08/Emma-Harvie-Therapist-Ottawa-Resiliency-Clinic-18x12.jpg 18w, https://resiliencyclinic.com/wp-content/uploads/2025/08/Emma-Harvie-Therapist-Ottawa-Resiliency-Clinic.jpg 1600w" data-sizes="(max-width: 768px) 100vw, 768px" title="" src="data:image/svg+xml;base64,PHN2ZyB3aWR0aD0iMSIgaGVpZ2h0PSIxIiB4bWxucz0iaHR0cDovL3d3dy53My5vcmcvMjAwMC9zdmciPjwvc3ZnPg==" style="--smush-placeholder-width: 768px; --smush-placeholder-aspect-ratio: 768/512;">															</div>
				</div>
					</div>
		</div>
					</div>
		</section>
				<section class="elementor-section elementor-top-section elementor-element elementor-element-287eabec elementor-reverse-tablet elementor-reverse-mobile elementor-section-boxed elementor-section-height-default elementor-section-height-default" data-id="287eabec" data-element_type="section" data-e-type="section" data-settings="{&quot;background_background&quot;:&quot;classic&quot;}">
							<div class="elementor-background-overlay"></div>
							<div class="elementor-container elementor-column-gap-default">
					<div class="elementor-column elementor-col-33 elementor-top-column elementor-element elementor-element-4294cfa" data-id="4294cfa" data-element_type="column" data-e-type="column">
			<div class="elementor-widget-wrap">
							</div>
		</div>
				<div class="elementor-column elementor-col-33 elementor-top-column elementor-element elementor-element-513ac22" data-id="513ac22" data-element_type="column" data-e-type="column">
			<div class="elementor-widget-wrap elementor-element-populated">
						<div class="elementor-element elementor-element-53bc462 elementor-widget elementor-widget-text-editor" data-id="53bc462" data-element_type="widget" data-e-type="widget" data-widget_type="text-editor.default">
				<div class="elementor-widget-container">
									<h1>Psychothérapeute agréé (qualification)</h1><p dir="auto">Emma is Registered Psychotherapist (Qualifying) with the College of Registered Psychotherapists of Ontario (<a href="https://crpo.ca/" target="_blank" rel="noopener">CRPO</a>). She is a candidate for her Master’s degree in Counselling Psychology at the University of Ottawa and holds a Bachelor of Science Honours in Neuroscience and Mental Health with a minor in Psychology from Carleton University. Emma has experience supporting individuals in a variety of personal challenges such as chronic illness, grief, anxiety, stress-management and more. With a competitive background in sports and experience coaching high-performance athletes, she brings a unique perspective on motivation, resilience, and mental well-being.<u></u><u></u><u></u></p><p dir="auto">Emma has a particular focus on supporting individuals living with chronic illness, <a href="https://resiliencyclinic.com/fr/psychologue-du-diabete-ottawa/">including Type 1 diabetes</a>.</p><p dir="auto">Emma offers an evidence-based, multidisciplinary approach to therapy, with an emphasis on creating a warm, safe, and welcoming space where clients can explore personal growth and build resilience. She draws from Cognitive Behavioural Therapy (CBT), Acceptance and Commitment Therapy (ACT) and mindfulness-based approaches, individualizing her work to meet each client’s unique needs and goals. She supports her clients in understanding their thoughts, emotions and behaviours while building a strong, trusting therapeutic relationship to help create change.<u></u><u></u><u></u></p><p>She is offering virtual and in-person services for adults 18+. Emma offers free initial 15 minute phone consultations, as a first step before booking.</p>								</div>
				</div>
				<div class="elementor-element elementor-element-b239fea elementor-align-center elementor-widget elementor-widget-button" data-id="b239fea" data-element_type="widget" data-e-type="widget" data-widget_type="button.default">
				<div class="elementor-widget-container">
									<div class="elementor-button-wrapper">
					<a class="elementor-button elementor-button-link elementor-size-sm" href="/fr/prendre-rendez-vous/">
						<span class="elementor-button-content-wrapper">
									<span class="elementor-button-text">Demander un rendez-vous avec Emma</span>
					</span>
					</a>
				</div>
								</div>
				</div>
					</div>
		</div>
				<div class="elementor-column elementor-col-33 elementor-top-column elementor-element elementor-element-190e684" data-id="190e684" data-element_type="column" data-e-type="column">
			<div class="elementor-widget-wrap">
							</div>
		</div>
					</div>
		</section>
				<section class="elementor-section elementor-top-section elementor-element elementor-element-598ac17 elementor-section-boxed elementor-section-height-default elementor-section-height-default" data-id="598ac17" data-element_type="section" data-e-type="section">
						<div class="elementor-container elementor-column-gap-default">
					<div class="elementor-column elementor-col-100 elementor-top-column elementor-element elementor-element-e112510" data-id="e112510" data-element_type="column" data-e-type="column">
			<div class="elementor-widget-wrap elementor-element-populated">
						<div class="elementor-element elementor-element-9794665 elementor-widget elementor-widget-spacer" data-id="9794665" data-element_type="widget" data-e-type="widget" data-widget_type="spacer.default">
				<div class="elementor-widget-container">
							<div class="elementor-spacer">
			<div class="elementor-spacer-inner"></div>
		</div>
						</div>
				</div>
					</div>
		</div>
					</div>
		</section>
				</div>

<p>Emma effectue son stage de psychothérapie à la Resiliency Clinic de septembre 2025 à avril 2026 dans le cadre de sa maîtrise en psychologie du counselling à l'Université d'Ottawa. </p>
